{"id":230,"date":"2019-12-18T13:58:49","date_gmt":"2019-12-18T12:58:49","guid":{"rendered":"http:\/\/ekaptur-leksykanowa.home.amu.edu.pl\/?page_id=230"},"modified":"2019-12-18T15:37:21","modified_gmt":"2019-12-18T14:37:21","slug":"kolo-logopedyczne","status":"publish","type":"page","link":"http:\/\/leksykologia-logopedia.amu.edu.pl\/?page_id=230","title":{"rendered":"Ko\u0142o logopedyczne"},"content":{"rendered":"\t\t<div data-elementor-type=\"wp-page\" data-elementor-id=\"230\" class=\"elementor elementor-230\">\n\t\t\t\t\t\t<div class=\"elementor-inner\">\n\t\t\t\t<div class=\"elementor-section-wrap\">\n\t\t\t\t\t\t\t\t\t<section class=\"elementor-section elementor-top-section elementor-element elementor-element-dd21b7a elementor-section-boxed elementor-section-height-default elementor-section-height-default\" data-id=\"dd21b7a\" data-element_type=\"section\">\n\t\t\t\t\t\t<div class=\"elementor-container elementor-column-gap-default\">\n\t\t\t\t\t\t\t<div class=\"elementor-row\">\n\t\t\t\t\t<div class=\"elementor-column elementor-col-100 elementor-top-column elementor-element elementor-element-0a961ee\" data-id=\"0a961ee\" data-element_type=\"column\">\n\t\t\t<div class=\"elementor-column-wrap elementor-element-populated\">\n\t\t\t\t\t\t\t<div class=\"elementor-widget-wrap\">\n\t\t\t\t\t\t<div class=\"elementor-element elementor-element-15c8358 elementor-widget elementor-widget-image\" data-id=\"15c8358\" data-element_type=\"widget\" data-widget_type=\"image.default\">\n\t\t\t\t<div class=\"elementor-widget-container\">\n\t\t\t\t\t\t\t\t<div class=\"elementor-image\">\n\t\t\t\t\t\t\t\t\t\t\t\t<img decoding=\"async\" width=\"500\" height=\"500\" src=\"http:\/\/leksykologia-logopedia.amu.edu.pl\/wp-content\/uploads\/2019\/12\/79357897_1759415444188546_6229462673977769984_n.png\" class=\"attachment-medium_large size-medium_large\" alt=\"\" loading=\"lazy\" srcset=\"http:\/\/leksykologia-logopedia.amu.edu.pl\/wp-content\/uploads\/2019\/12\/79357897_1759415444188546_6229462673977769984_n.png 500w, http:\/\/leksykologia-logopedia.amu.edu.pl\/wp-content\/uploads\/2019\/12\/79357897_1759415444188546_6229462673977769984_n-300x300.png 300w, http:\/\/leksykologia-logopedia.amu.edu.pl\/wp-content\/uploads\/2019\/12\/79357897_1759415444188546_6229462673977769984_n-150x150.png 150w\" sizes=\"(max-width: 500px) 100vw, 500px\" \/>\t\t\t\t\t\t\t\t\t\t\t\t\t\t<\/div>\n\t\t\t\t\t\t<\/div>\n\t\t\t\t<\/div>\n\t\t\t\t\t\t<\/div>\n\t\t\t\t\t<\/div>\n\t\t<\/div>\n\t\t\t\t\t\t\t\t<\/div>\n\t\t\t\t\t<\/div>\n\t\t<\/section>\n\t\t\t\t<section class=\"elementor-section elementor-top-section elementor-element elementor-element-6d582c5 elementor-section-boxed elementor-section-height-default elementor-section-height-default\" data-id=\"6d582c5\" data-element_type=\"section\">\n\t\t\t\t\t\t<div class=\"elementor-container elementor-column-gap-default\">\n\t\t\t\t\t\t\t<div class=\"elementor-row\">\n\t\t\t\t\t<div class=\"elementor-column elementor-col-100 elementor-top-column elementor-element elementor-element-e61daf0\" data-id=\"e61daf0\" data-element_type=\"column\">\n\t\t\t<div class=\"elementor-column-wrap elementor-element-populated\">\n\t\t\t\t\t\t\t<div class=\"elementor-widget-wrap\">\n\t\t\t\t\t\t<div class=\"elementor-element elementor-element-233c185 elementor-widget elementor-widget-text-editor\" data-id=\"233c185\" data-element_type=\"widget\" data-widget_type=\"text-editor.default\">\n\t\t\t\t<div class=\"elementor-widget-container\">\n\t\t\t\t\t\t\t\t<div class=\"elementor-text-editor elementor-clearfix\">\n\t\t\t\t<p>Naukowe Ko\u0142o Logopedyczne FiloLOG rozpocz\u0119\u0142o swoj\u0105 dzia\u0142alno\u015b\u0107 w lutym 2019 r. Jego opiekunem naukowym jest prof. UAM dr hab. Jolanta S\u0142awek. Cz\u0142onkinie Ko\u0142a bior\u0105 aktywny udzia\u0142 w organizowaniu warsztat\u00f3w logopedycznych dla dzieci i m\u0142odzie\u017cy (np. w ramach Pozna\u0144skiego Festiwalu Nauki i Sztuki) oraz w popularyzowaniu wiedzy na temat zaburze\u0144 mowy i j\u0119zyka (np. z okazji Europejskiego Dnia Logopedy czy \u015awiatowego Dnia \u015awiadomo\u015bci i Wiedzy na temat Autyzmu), a tak\u017ce w zakresie profilaktyki logopedycznej (konsultacje dla rodzic\u00f3w).<\/p>\t\t\t\t\t<\/div>\n\t\t\t\t\t\t<\/div>\n\t\t\t\t<\/div>\n\t\t\t\t\t\t<\/div>\n\t\t\t\t\t<\/div>\n\t\t<\/div>\n\t\t\t\t\t\t\t\t<\/div>\n\t\t\t\t\t<\/div>\n\t\t<\/section>\n\t\t\t\t<section class=\"elementor-section elementor-top-section elementor-element elementor-element-612a6a5 elementor-section-boxed elementor-section-height-default elementor-section-height-default\" data-id=\"612a6a5\" data-element_type=\"section\">\n\t\t\t\t\t\t<div class=\"elementor-container elementor-column-gap-default\">\n\t\t\t\t\t\t\t<div class=\"elementor-row\">\n\t\t\t\t\t<div class=\"elementor-column elementor-col-100 elementor-top-column elementor-element elementor-element-6559618\" data-id=\"6559618\" data-element_type=\"column\">\n\t\t\t<div class=\"elementor-column-wrap elementor-element-populated\">\n\t\t\t\t\t\t\t<div class=\"elementor-widget-wrap\">\n\t\t\t\t\t\t<div class=\"elementor-element elementor-element-81aebb0 elementor-shape-rounded elementor-grid-0 e-grid-align-center elementor-widget elementor-widget-social-icons\" data-id=\"81aebb0\" data-element_type=\"widget\" data-widget_type=\"social-icons.default\">\n\t\t\t\t<div class=\"elementor-widget-container\">\n\t\t\t\t\t<div class=\"elementor-social-icons-wrapper elementor-grid\">\n\t\t\t\t\t\t\t<span class=\"elementor-grid-item\">\n\t\t\t\t\t<a class=\"elementor-icon elementor-social-icon elementor-social-icon-facebook elementor-repeater-item-5690ff6\" href=\"https:\/\/www.facebook.com\/FilologKNUAM\/\" target=\"_blank\">\n\t\t\t\t\t\t<span class=\"elementor-screen-only\">Facebook<\/span>\n\t\t\t\t\t\t<i class=\"fab fa-facebook\"><\/i>\t\t\t\t\t<\/a>\n\t\t\t\t<\/span>\n\t\t\t\t\t<\/div>\n\t\t\t\t<\/div>\n\t\t\t\t<\/div>\n\t\t\t\t\t\t<\/div>\n\t\t\t\t\t<\/div>\n\t\t<\/div>\n\t\t\t\t\t\t\t\t<\/div>\n\t\t\t\t\t<\/div>\n\t\t<\/section>\n\t\t\t\t<section class=\"elementor-section elementor-top-section elementor-element elementor-element-208f434 elementor-section-boxed elementor-section-height-default elementor-section-height-default\" data-id=\"208f434\" data-element_type=\"section\">\n\t\t\t\t\t\t<div class=\"elementor-container elementor-column-gap-default\">\n\t\t\t\t\t\t\t<div class=\"elementor-row\">\n\t\t\t\t\t<div class=\"elementor-column elementor-col-100 elementor-top-column elementor-element elementor-element-751a405\" data-id=\"751a405\" data-element_type=\"column\">\n\t\t\t<div class=\"elementor-column-wrap elementor-element-populated\">\n\t\t\t\t\t\t\t<div class=\"elementor-widget-wrap\">\n\t\t\t\t\t\t<div class=\"elementor-element elementor-element-60becc6 elementor-widget elementor-widget-text-editor\" data-id=\"60becc6\" data-element_type=\"widget\" data-widget_type=\"text-editor.default\">\n\t\t\t\t<div class=\"elementor-widget-container\">\n\t\t\t\t\t\t\t\t<div class=\"elementor-text-editor elementor-clearfix\">\n\t\t\t\t<p><strong>Serdecznie zapraszamy do zapoznania si\u0119 ze stron\u0105 Logopedycznego Ko\u0142a Naukowego FiloLOG na FACEBOOKU!<\/strong><\/p>\t\t\t\t\t<\/div>\n\t\t\t\t\t\t<\/div>\n\t\t\t\t<\/div>\n\t\t\t\t\t\t<\/div>\n\t\t\t\t\t<\/div>\n\t\t<\/div>\n\t\t\t\t\t\t\t\t<\/div>\n\t\t\t\t\t<\/div>\n\t\t<\/section>\n\t\t\t\t<section class=\"elementor-section elementor-top-section elementor-element elementor-element-f773e56 elementor-section-boxed elementor-section-height-default elementor-section-height-default\" data-id=\"f773e56\" data-element_type=\"section\">\n\t\t\t\t\t\t<div class=\"elementor-container elementor-column-gap-default\">\n\t\t\t\t\t\t\t<div class=\"elementor-row\">\n\t\t\t\t\t<div class=\"elementor-column elementor-col-33 elementor-top-column elementor-element elementor-element-f6159e5\" data-id=\"f6159e5\" data-element_type=\"column\">\n\t\t\t<div class=\"elementor-column-wrap elementor-element-populated\">\n\t\t\t\t\t\t\t<div class=\"elementor-widget-wrap\">\n\t\t\t\t\t\t<div class=\"elementor-element elementor-element-56852c7 elementor-widget elementor-widget-image\" data-id=\"56852c7\" data-element_type=\"widget\" data-widget_type=\"image.default\">\n\t\t\t\t<div class=\"elementor-widget-container\">\n\t\t\t\t\t\t\t\t<div class=\"elementor-image\">\n\t\t\t\t\t\t\t\t\t\t\t\t\t<a href=\"https:\/\/www.facebook.com\/FilologKNUAM\/photos\/a.2157100004383482\/2603658106394334\/?type=3&#038;theater\">\n\t\t\t\t\t\t\t<img decoding=\"async\" width=\"625\" height=\"574\" src=\"http:\/\/leksykologia-logopedia.amu.edu.pl\/wp-content\/uploads\/2019\/12\/post.png\" class=\"attachment-large size-large\" alt=\"\" loading=\"lazy\" srcset=\"http:\/\/leksykologia-logopedia.amu.edu.pl\/wp-content\/uploads\/2019\/12\/post.png 625w, http:\/\/leksykologia-logopedia.amu.edu.pl\/wp-content\/uploads\/2019\/12\/post-300x276.png 300w\" sizes=\"(max-width: 625px) 100vw, 625px\" \/>\t\t\t\t\t\t\t\t<\/a>\n\t\t\t\t\t\t\t\t\t\t\t\t\t\t<\/div>\n\t\t\t\t\t\t<\/div>\n\t\t\t\t<\/div>\n\t\t\t\t\t\t<\/div>\n\t\t\t\t\t<\/div>\n\t\t<\/div>\n\t\t\t\t<div class=\"elementor-column elementor-col-33 elementor-top-column elementor-element elementor-element-a8993f5\" data-id=\"a8993f5\" data-element_type=\"column\">\n\t\t\t<div class=\"elementor-column-wrap elementor-element-populated\">\n\t\t\t\t\t\t\t<div class=\"elementor-widget-wrap\">\n\t\t\t\t\t\t<div class=\"elementor-element elementor-element-943ddc9 elementor-widget elementor-widget-image\" data-id=\"943ddc9\" data-element_type=\"widget\" data-widget_type=\"image.default\">\n\t\t\t\t<div class=\"elementor-widget-container\">\n\t\t\t\t\t\t\t\t<div class=\"elementor-image\">\n\t\t\t\t\t\t\t\t\t\t\t\t\t<a href=\"https:\/\/www.facebook.com\/FilologKNUAM\/photos\/a.2172070519553097\/2583798401713638\/?type=3&#038;theater\">\n\t\t\t\t\t\t\t<img decoding=\"async\" width=\"625\" height=\"567\" src=\"http:\/\/leksykologia-logopedia.amu.edu.pl\/wp-content\/uploads\/2019\/12\/aac-post.png\" class=\"attachment-large size-large\" alt=\"\" loading=\"lazy\" srcset=\"http:\/\/leksykologia-logopedia.amu.edu.pl\/wp-content\/uploads\/2019\/12\/aac-post.png 625w, http:\/\/leksykologia-logopedia.amu.edu.pl\/wp-content\/uploads\/2019\/12\/aac-post-300x272.png 300w\" sizes=\"(max-width: 625px) 100vw, 625px\" \/>\t\t\t\t\t\t\t\t<\/a>\n\t\t\t\t\t\t\t\t\t\t\t\t\t\t<\/div>\n\t\t\t\t\t\t<\/div>\n\t\t\t\t<\/div>\n\t\t\t\t\t\t<\/div>\n\t\t\t\t\t<\/div>\n\t\t<\/div>\n\t\t\t\t<div class=\"elementor-column elementor-col-33 elementor-top-column elementor-element elementor-element-c3cc873\" data-id=\"c3cc873\" data-element_type=\"column\">\n\t\t\t<div class=\"elementor-column-wrap elementor-element-populated\">\n\t\t\t\t\t\t\t<div class=\"elementor-widget-wrap\">\n\t\t\t\t\t\t<div class=\"elementor-element elementor-element-7f33be5 elementor-widget elementor-widget-image\" data-id=\"7f33be5\" data-element_type=\"widget\" data-widget_type=\"image.default\">\n\t\t\t\t<div class=\"elementor-widget-container\">\n\t\t\t\t\t\t\t\t<div class=\"elementor-image\">\n\t\t\t\t\t\t\t\t\t\t\t\t\t<a href=\"https:\/\/www.facebook.com\/FilologKNUAM\/photos\/a.2172070519553097\/2198759770217505\/?type=3&#038;theater\">\n\t\t\t\t\t\t\t<img decoding=\"async\" width=\"627\" height=\"617\" src=\"http:\/\/leksykologia-logopedia.amu.edu.pl\/wp-content\/uploads\/2019\/12\/postfon.png\" class=\"attachment-large size-large\" alt=\"\" loading=\"lazy\" srcset=\"http:\/\/leksykologia-logopedia.amu.edu.pl\/wp-content\/uploads\/2019\/12\/postfon.png 627w, http:\/\/leksykologia-logopedia.amu.edu.pl\/wp-content\/uploads\/2019\/12\/postfon-300x295.png 300w\" sizes=\"(max-width: 627px) 100vw, 627px\" \/>\t\t\t\t\t\t\t\t<\/a>\n\t\t\t\t\t\t\t\t\t\t\t\t\t\t<\/div>\n\t\t\t\t\t\t<\/div>\n\t\t\t\t<\/div>\n\t\t\t\t\t\t<\/div>\n\t\t\t\t\t<\/div>\n\t\t<\/div>\n\t\t\t\t\t\t\t\t<\/div>\n\t\t\t\t\t<\/div>\n\t\t<\/section>\n\t\t\t\t\t\t\t\t\t<\/div>\n\t\t\t<\/div>\n\t\t\t\t\t<\/div>\n\t\t","protected":false},"excerpt":{"rendered":"<p>Naukowe Ko\u0142o Logopedyczne FiloLOG rozpocz\u0119\u0142o swoj\u0105 dzia\u0142alno\u015b\u0107 w lutym 2019 r. Jego opiekunem naukowym jest prof. UAM dr hab. Jolanta S\u0142awek. Cz\u0142onkinie Ko\u0142a bior\u0105 aktywny udzia\u0142 w organizowaniu warsztat\u00f3w logopedycznych dla dzieci i m\u0142odzie\u017cy (np. w ramach Pozna\u0144skiego Festiwalu Nauki i Sztuki) oraz w popularyzowaniu wiedzy na temat zaburze\u0144 mowy i j\u0119zyka (np. z okazji Europejskiego Dnia Logopedy czy \u015awiatowego Dnia \u015awiadomo\u015bci i Wiedzy na temat Autyzmu), a tak\u017ce w zakresie profilaktyki logopedycznej (konsultacje dla rodzic\u00f3w). Facebook Serdecznie zapraszamy do zapoznania si\u0119 ze stron\u0105 Logopedycznego Ko\u0142a Naukowego FiloLOG na FACEBOOKU!<\/p>\n","protected":false},"author":2,"featured_media":0,"parent":0,"menu_order":0,"comment_status":"closed","ping_status":"closed","template":"","meta":[],"_links":{"self":[{"href":"http:\/\/leksykologia-logopedia.amu.edu.pl\/index.php?rest_route=\/wp\/v2\/pages\/230"}],"collection":[{"href":"http:\/\/leksykologia-logopedia.amu.edu.pl\/index.php?rest_route=\/wp\/v2\/pages"}],"about":[{"href":"http:\/\/leksykologia-logopedia.amu.edu.pl\/index.php?rest_route=\/wp\/v2\/types\/page"}],"author":[{"embeddable":true,"href":"http:\/\/leksykologia-logopedia.amu.edu.pl\/index.php?rest_route=\/wp\/v2\/users\/2"}],"replies":[{"embeddable":true,"href":"http:\/\/leksykologia-logopedia.amu.edu.pl\/index.php?rest_route=%2Fwp%2Fv2%2Fcomments&post=230"}],"version-history":[{"count":8,"href":"http:\/\/leksykologia-logopedia.amu.edu.pl\/index.php?rest_route=\/wp\/v2\/pages\/230\/revisions"}],"predecessor-version":[{"id":278,"href":"http:\/\/leksykologia-logopedia.amu.edu.pl\/index.php?rest_route=\/wp\/v2\/pages\/230\/revisions\/278"}],"wp:attachment":[{"href":"http:\/\/leksykologia-logopedia.amu.edu.pl\/index.php?rest_route=%2Fwp%2Fv2%2Fmedia&parent=230"}],"curies":[{"name":"wp","href":"https:\/\/api.w.org\/{rel}","templated":true}]}}