{"id":389,"date":"2019-12-20T19:45:37","date_gmt":"2019-12-20T18:45:37","guid":{"rendered":"http:\/\/ekaptur-leksykanowa.home.amu.edu.pl\/?page_id=389"},"modified":"2020-02-05T20:09:02","modified_gmt":"2020-02-05T19:09:02","slug":"nazywacze","status":"publish","type":"page","link":"http:\/\/leksykologia-logopedia.amu.edu.pl\/?page_id=389","title":{"rendered":"Nazywacze"},"content":{"rendered":"\t\t<div data-elementor-type=\"wp-page\" data-elementor-id=\"389\" class=\"elementor elementor-389\">\n\t\t\t\t\t\t<div class=\"elementor-inner\">\n\t\t\t\t<div class=\"elementor-section-wrap\">\n\t\t\t\t\t\t\t\t\t<section class=\"elementor-section elementor-top-section elementor-element elementor-element-4161da4 elementor-section-boxed elementor-section-height-default elementor-section-height-default\" data-id=\"4161da4\" data-element_type=\"section\">\n\t\t\t\t\t\t<div class=\"elementor-container elementor-column-gap-default\">\n\t\t\t\t\t\t\t<div class=\"elementor-row\">\n\t\t\t\t\t<div class=\"elementor-column elementor-col-100 elementor-top-column elementor-element elementor-element-9ac3134\" data-id=\"9ac3134\" data-element_type=\"column\">\n\t\t\t<div class=\"elementor-column-wrap elementor-element-populated\">\n\t\t\t\t\t\t\t<div class=\"elementor-widget-wrap\">\n\t\t\t\t\t\t<div class=\"elementor-element elementor-element-fc979c4 elementor-widget elementor-widget-image\" data-id=\"fc979c4\" data-element_type=\"widget\" data-widget_type=\"image.default\">\n\t\t\t\t<div class=\"elementor-widget-container\">\n\t\t\t\t\t\t\t\t<div class=\"elementor-image\">\n\t\t\t\t\t\t\t\t\t\t\t\t\t<a href=\"http:\/\/ekaptur-leksykanowa.home.amu.edu.pl\/wp-content\/uploads\/2019\/12\/7df3ab8bcf6810781afa0d430f4b2051-0.jpg\" data-elementor-open-lightbox=\"yes\" data-elementor-lightbox-title=\"7df3ab8bcf6810781afa0d430f4b2051-0\" e-action-hash=\"#elementor-action%3Aaction%3Dlightbox%26settings%3DeyJpZCI6Mzk3LCJ1cmwiOiJodHRwOlwvXC9sZWtzeWtvbG9naWEtbG9nb3BlZGlhLmFtdS5lZHUucGxcL3dwLWNvbnRlbnRcL3VwbG9hZHNcLzIwMTlcLzEyXC83ZGYzYWI4YmNmNjgxMDc4MWFmYTBkNDMwZjRiMjA1MS0wLmpwZyJ9\">\n\t\t\t\t\t\t\t<img decoding=\"async\" width=\"800\" height=\"566\" src=\"http:\/\/leksykologia-logopedia.amu.edu.pl\/wp-content\/uploads\/2019\/12\/7df3ab8bcf6810781afa0d430f4b2051-0-1024x724.jpg\" class=\"attachment-large size-large\" alt=\"\" loading=\"lazy\" srcset=\"http:\/\/leksykologia-logopedia.amu.edu.pl\/wp-content\/uploads\/2019\/12\/7df3ab8bcf6810781afa0d430f4b2051-0-1024x724.jpg 1024w, http:\/\/leksykologia-logopedia.amu.edu.pl\/wp-content\/uploads\/2019\/12\/7df3ab8bcf6810781afa0d430f4b2051-0-300x212.jpg 300w, http:\/\/leksykologia-logopedia.amu.edu.pl\/wp-content\/uploads\/2019\/12\/7df3ab8bcf6810781afa0d430f4b2051-0-768x543.jpg 768w, http:\/\/leksykologia-logopedia.amu.edu.pl\/wp-content\/uploads\/2019\/12\/7df3ab8bcf6810781afa0d430f4b2051-0-1536x1086.jpg 1536w, http:\/\/leksykologia-logopedia.amu.edu.pl\/wp-content\/uploads\/2019\/12\/7df3ab8bcf6810781afa0d430f4b2051-0-2048x1448.jpg 2048w\" sizes=\"(max-width: 800px) 100vw, 800px\" \/>\t\t\t\t\t\t\t\t<\/a>\n\t\t\t\t\t\t\t\t\t\t\t\t\t\t<\/div>\n\t\t\t\t\t\t<\/div>\n\t\t\t\t<\/div>\n\t\t\t\t\t\t<\/div>\n\t\t\t\t\t<\/div>\n\t\t<\/div>\n\t\t\t\t\t\t\t\t<\/div>\n\t\t\t\t\t<\/div>\n\t\t<\/section>\n\t\t\t\t<section class=\"elementor-section elementor-top-section elementor-element elementor-element-eebb667 elementor-section-boxed elementor-section-height-default elementor-section-height-default\" data-id=\"eebb667\" data-element_type=\"section\">\n\t\t\t\t\t\t<div class=\"elementor-container elementor-column-gap-default\">\n\t\t\t\t\t\t\t<div class=\"elementor-row\">\n\t\t\t\t\t<div class=\"elementor-column elementor-col-100 elementor-top-column elementor-element elementor-element-3e8e7e8\" data-id=\"3e8e7e8\" data-element_type=\"column\">\n\t\t\t<div class=\"elementor-column-wrap elementor-element-populated\">\n\t\t\t\t\t\t\t<div class=\"elementor-widget-wrap\">\n\t\t\t\t\t\t<div class=\"elementor-element elementor-element-bf1576d elementor-widget elementor-widget-image\" data-id=\"bf1576d\" data-element_type=\"widget\" data-widget_type=\"image.default\">\n\t\t\t\t<div class=\"elementor-widget-container\">\n\t\t\t\t\t\t\t\t<div class=\"elementor-image\">\n\t\t\t\t\t\t\t\t\t\t\t\t\t<a href=\"http:\/\/ekaptur-leksykanowa.home.amu.edu.pl\/wp-content\/uploads\/2019\/12\/7df3ab8bcf6810781afa0d430f4b2051-1.jpg\" data-elementor-open-lightbox=\"yes\" data-elementor-lightbox-title=\"7df3ab8bcf6810781afa0d430f4b2051-1\" e-action-hash=\"#elementor-action%3Aaction%3Dlightbox%26settings%3DeyJpZCI6Mzk5LCJ1cmwiOiJodHRwOlwvXC9sZWtzeWtvbG9naWEtbG9nb3BlZGlhLmFtdS5lZHUucGxcL3dwLWNvbnRlbnRcL3VwbG9hZHNcLzIwMTlcLzEyXC83ZGYzYWI4YmNmNjgxMDc4MWFmYTBkNDMwZjRiMjA1MS0xLmpwZyJ9\">\n\t\t\t\t\t\t\t<img decoding=\"async\" width=\"800\" height=\"566\" src=\"http:\/\/leksykologia-logopedia.amu.edu.pl\/wp-content\/uploads\/2019\/12\/7df3ab8bcf6810781afa0d430f4b2051-1-1024x724.jpg\" class=\"attachment-large size-large\" alt=\"\" loading=\"lazy\" srcset=\"http:\/\/leksykologia-logopedia.amu.edu.pl\/wp-content\/uploads\/2019\/12\/7df3ab8bcf6810781afa0d430f4b2051-1-1024x724.jpg 1024w, http:\/\/leksykologia-logopedia.amu.edu.pl\/wp-content\/uploads\/2019\/12\/7df3ab8bcf6810781afa0d430f4b2051-1-300x212.jpg 300w, http:\/\/leksykologia-logopedia.amu.edu.pl\/wp-content\/uploads\/2019\/12\/7df3ab8bcf6810781afa0d430f4b2051-1-768x543.jpg 768w, http:\/\/leksykologia-logopedia.amu.edu.pl\/wp-content\/uploads\/2019\/12\/7df3ab8bcf6810781afa0d430f4b2051-1-1536x1086.jpg 1536w, http:\/\/leksykologia-logopedia.amu.edu.pl\/wp-content\/uploads\/2019\/12\/7df3ab8bcf6810781afa0d430f4b2051-1-2048x1448.jpg 2048w\" sizes=\"(max-width: 800px) 100vw, 800px\" \/>\t\t\t\t\t\t\t\t<\/a>\n\t\t\t\t\t\t\t\t\t\t\t\t\t\t<\/div>\n\t\t\t\t\t\t<\/div>\n\t\t\t\t<\/div>\n\t\t\t\t\t\t<\/div>\n\t\t\t\t\t<\/div>\n\t\t<\/div>\n\t\t\t\t\t\t\t\t<\/div>\n\t\t\t\t\t<\/div>\n\t\t<\/section>\n\t\t\t\t<section class=\"elementor-section elementor-top-section elementor-element elementor-element-b7775e3 elementor-section-boxed elementor-section-height-default elementor-section-height-default\" data-id=\"b7775e3\" data-element_type=\"section\">\n\t\t\t\t\t\t<div class=\"elementor-container elementor-column-gap-default\">\n\t\t\t\t\t\t\t<div class=\"elementor-row\">\n\t\t\t\t\t<div class=\"elementor-column elementor-col-100 elementor-top-column elementor-element elementor-element-4e1177a\" data-id=\"4e1177a\" data-element_type=\"column\">\n\t\t\t<div class=\"elementor-column-wrap elementor-element-populated\">\n\t\t\t\t\t\t\t<div class=\"elementor-widget-wrap\">\n\t\t\t\t\t\t<div class=\"elementor-element elementor-element-c0a57e7 elementor-widget elementor-widget-text-editor\" data-id=\"c0a57e7\" data-element_type=\"widget\" data-widget_type=\"text-editor.default\">\n\t\t\t\t<div class=\"elementor-widget-container\">\n\t\t\t\t\t\t\t\t<div class=\"elementor-text-editor elementor-clearfix\">\n\t\t\t\t<div><span style=\"word-spacing: normal;\">Naukowe Ko\u0142o Onomast\u00f3w Nazywacze wzi\u0119\u0142o udzia\u0142 w Bydgoskim Festiwalu Nauki.<\/span><\/div>\t\t\t\t\t<\/div>\n\t\t\t\t\t\t<\/div>\n\t\t\t\t<\/div>\n\t\t\t\t\t\t<\/div>\n\t\t\t\t\t<\/div>\n\t\t<\/div>\n\t\t\t\t\t\t\t\t<\/div>\n\t\t\t\t\t<\/div>\n\t\t<\/section>\n\t\t\t\t<section class=\"elementor-section elementor-top-section elementor-element elementor-element-6243b46 elementor-section-boxed elementor-section-height-default elementor-section-height-default\" data-id=\"6243b46\" data-element_type=\"section\">\n\t\t\t\t\t\t<div class=\"elementor-container elementor-column-gap-default\">\n\t\t\t\t\t\t\t<div class=\"elementor-row\">\n\t\t\t\t\t<div class=\"elementor-column elementor-col-33 elementor-top-column elementor-element elementor-element-3fc53cd\" data-id=\"3fc53cd\" data-element_type=\"column\">\n\t\t\t<div class=\"elementor-column-wrap elementor-element-populated\">\n\t\t\t\t\t\t\t<div class=\"elementor-widget-wrap\">\n\t\t\t\t\t\t<div class=\"elementor-element elementor-element-85b83de elementor-widget elementor-widget-image\" data-id=\"85b83de\" data-element_type=\"widget\" data-widget_type=\"image.default\">\n\t\t\t\t<div class=\"elementor-widget-container\">\n\t\t\t\t\t\t\t\t<div class=\"elementor-image\">\n\t\t\t\t\t\t\t\t\t\t\t\t<img decoding=\"async\" width=\"800\" height=\"803\" src=\"http:\/\/leksykologia-logopedia.amu.edu.pl\/wp-content\/uploads\/2019\/12\/Nowe.Festiwal.Nazywacze_1-1020x1024.jpg\" class=\"attachment-large size-large\" alt=\"\" loading=\"lazy\" srcset=\"http:\/\/leksykologia-logopedia.amu.edu.pl\/wp-content\/uploads\/2019\/12\/Nowe.Festiwal.Nazywacze_1-1020x1024.jpg 1020w, http:\/\/leksykologia-logopedia.amu.edu.pl\/wp-content\/uploads\/2019\/12\/Nowe.Festiwal.Nazywacze_1-300x300.jpg 300w, http:\/\/leksykologia-logopedia.amu.edu.pl\/wp-content\/uploads\/2019\/12\/Nowe.Festiwal.Nazywacze_1-150x150.jpg 150w, http:\/\/leksykologia-logopedia.amu.edu.pl\/wp-content\/uploads\/2019\/12\/Nowe.Festiwal.Nazywacze_1-768x771.jpg 768w, http:\/\/leksykologia-logopedia.amu.edu.pl\/wp-content\/uploads\/2019\/12\/Nowe.Festiwal.Nazywacze_1-1530x1536.jpg 1530w, http:\/\/leksykologia-logopedia.amu.edu.pl\/wp-content\/uploads\/2019\/12\/Nowe.Festiwal.Nazywacze_1-2041x2048.jpg 2041w\" sizes=\"(max-width: 800px) 100vw, 800px\" \/>\t\t\t\t\t\t\t\t\t\t\t\t\t\t<\/div>\n\t\t\t\t\t\t<\/div>\n\t\t\t\t<\/div>\n\t\t\t\t\t\t<\/div>\n\t\t\t\t\t<\/div>\n\t\t<\/div>\n\t\t\t\t<div class=\"elementor-column elementor-col-33 elementor-top-column elementor-element elementor-element-297d3ae\" data-id=\"297d3ae\" data-element_type=\"column\">\n\t\t\t<div class=\"elementor-column-wrap elementor-element-populated\">\n\t\t\t\t\t\t\t<div class=\"elementor-widget-wrap\">\n\t\t\t\t\t\t<div class=\"elementor-element elementor-element-9649149 elementor-widget elementor-widget-image\" data-id=\"9649149\" data-element_type=\"widget\" data-widget_type=\"image.default\">\n\t\t\t\t<div class=\"elementor-widget-container\">\n\t\t\t\t\t\t\t\t<div class=\"elementor-image\">\n\t\t\t\t\t\t\t\t\t\t\t\t<img decoding=\"async\" width=\"800\" height=\"852\" src=\"http:\/\/leksykologia-logopedia.amu.edu.pl\/wp-content\/uploads\/2019\/12\/Nowe_festiwalBydgoszcz_2-962x1024.jpg\" class=\"attachment-large size-large\" alt=\"\" loading=\"lazy\" srcset=\"http:\/\/leksykologia-logopedia.amu.edu.pl\/wp-content\/uploads\/2019\/12\/Nowe_festiwalBydgoszcz_2-962x1024.jpg 962w, http:\/\/leksykologia-logopedia.amu.edu.pl\/wp-content\/uploads\/2019\/12\/Nowe_festiwalBydgoszcz_2-282x300.jpg 282w, http:\/\/leksykologia-logopedia.amu.edu.pl\/wp-content\/uploads\/2019\/12\/Nowe_festiwalBydgoszcz_2-768x817.jpg 768w, http:\/\/leksykologia-logopedia.amu.edu.pl\/wp-content\/uploads\/2019\/12\/Nowe_festiwalBydgoszcz_2-1443x1536.jpg 1443w, http:\/\/leksykologia-logopedia.amu.edu.pl\/wp-content\/uploads\/2019\/12\/Nowe_festiwalBydgoszcz_2-1924x2048.jpg 1924w\" sizes=\"(max-width: 800px) 100vw, 800px\" \/>\t\t\t\t\t\t\t\t\t\t\t\t\t\t<\/div>\n\t\t\t\t\t\t<\/div>\n\t\t\t\t<\/div>\n\t\t\t\t\t\t<\/div>\n\t\t\t\t\t<\/div>\n\t\t<\/div>\n\t\t\t\t<div class=\"elementor-column elementor-col-33 elementor-top-column elementor-element elementor-element-5cc0089\" data-id=\"5cc0089\" data-element_type=\"column\">\n\t\t\t<div class=\"elementor-column-wrap elementor-element-populated\">\n\t\t\t\t\t\t\t<div class=\"elementor-widget-wrap\">\n\t\t\t\t\t\t<div class=\"elementor-element elementor-element-774f52c elementor-widget elementor-widget-image\" data-id=\"774f52c\" data-element_type=\"widget\" data-widget_type=\"image.default\">\n\t\t\t\t<div class=\"elementor-widget-container\">\n\t\t\t\t\t\t\t\t<div class=\"elementor-image\">\n\t\t\t\t\t\t\t\t\t\t\t\t<img decoding=\"async\" width=\"800\" height=\"833\" src=\"http:\/\/leksykologia-logopedia.amu.edu.pl\/wp-content\/uploads\/2019\/12\/Nowe.Festiwal.Bydgoszcz_3-984x1024.jpg\" class=\"attachment-large size-large\" alt=\"\" loading=\"lazy\" srcset=\"http:\/\/leksykologia-logopedia.amu.edu.pl\/wp-content\/uploads\/2019\/12\/Nowe.Festiwal.Bydgoszcz_3-984x1024.jpg 984w, http:\/\/leksykologia-logopedia.amu.edu.pl\/wp-content\/uploads\/2019\/12\/Nowe.Festiwal.Bydgoszcz_3-288x300.jpg 288w, http:\/\/leksykologia-logopedia.amu.edu.pl\/wp-content\/uploads\/2019\/12\/Nowe.Festiwal.Bydgoszcz_3-768x799.jpg 768w, http:\/\/leksykologia-logopedia.amu.edu.pl\/wp-content\/uploads\/2019\/12\/Nowe.Festiwal.Bydgoszcz_3-1476x1536.jpg 1476w, http:\/\/leksykologia-logopedia.amu.edu.pl\/wp-content\/uploads\/2019\/12\/Nowe.Festiwal.Bydgoszcz_3-1969x2048.jpg 1969w\" sizes=\"(max-width: 800px) 100vw, 800px\" \/>\t\t\t\t\t\t\t\t\t\t\t\t\t\t<\/div>\n\t\t\t\t\t\t<\/div>\n\t\t\t\t<\/div>\n\t\t\t\t\t\t<\/div>\n\t\t\t\t\t<\/div>\n\t\t<\/div>\n\t\t\t\t\t\t\t\t<\/div>\n\t\t\t\t\t<\/div>\n\t\t<\/section>\n\t\t\t\t<section class=\"elementor-section elementor-top-section elementor-element elementor-element-f777d6d elementor-section-boxed elementor-section-height-default elementor-section-height-default\" data-id=\"f777d6d\" data-element_type=\"section\">\n\t\t\t\t\t\t<div class=\"elementor-container elementor-column-gap-default\">\n\t\t\t\t\t\t\t<div class=\"elementor-row\">\n\t\t\t\t\t<div class=\"elementor-column elementor-col-100 elementor-top-column elementor-element elementor-element-fe529c4\" data-id=\"fe529c4\" data-element_type=\"column\">\n\t\t\t<div class=\"elementor-column-wrap elementor-element-populated\">\n\t\t\t\t\t\t\t<div class=\"elementor-widget-wrap\">\n\t\t\t\t\t\t<section class=\"elementor-section elementor-inner-section elementor-element elementor-element-fd3235e elementor-section-boxed elementor-section-height-default elementor-section-height-default\" data-id=\"fd3235e\" data-element_type=\"section\">\n\t\t\t\t\t\t<div class=\"elementor-container elementor-column-gap-default\">\n\t\t\t\t\t\t\t<div class=\"elementor-row\">\n\t\t\t\t\t<div class=\"elementor-column elementor-col-50 elementor-inner-column elementor-element elementor-element-d8e5e3b\" data-id=\"d8e5e3b\" data-element_type=\"column\">\n\t\t\t<div class=\"elementor-column-wrap elementor-element-populated\">\n\t\t\t\t\t\t\t<div class=\"elementor-widget-wrap\">\n\t\t\t\t\t\t<div class=\"elementor-element elementor-element-7495011 elementor-widget elementor-widget-image\" data-id=\"7495011\" data-element_type=\"widget\" data-widget_type=\"image.default\">\n\t\t\t\t<div class=\"elementor-widget-container\">\n\t\t\t\t\t\t\t\t<div class=\"elementor-image\">\n\t\t\t\t\t\t\t\t\t\t\t\t\t<a href=\"https:\/\/www.facebook.com\/NKOnazywacze\/\">\n\t\t\t\t\t\t\t<img decoding=\"async\" width=\"272\" height=\"604\" src=\"http:\/\/leksykologia-logopedia.amu.edu.pl\/wp-content\/uploads\/2019\/12\/logo.png\" class=\"attachment-large size-large\" alt=\"\" loading=\"lazy\" srcset=\"http:\/\/leksykologia-logopedia.amu.edu.pl\/wp-content\/uploads\/2019\/12\/logo.png 272w, http:\/\/leksykologia-logopedia.amu.edu.pl\/wp-content\/uploads\/2019\/12\/logo-135x300.png 135w\" sizes=\"(max-width: 272px) 100vw, 272px\" \/>\t\t\t\t\t\t\t\t<\/a>\n\t\t\t\t\t\t\t\t\t\t\t\t\t\t<\/div>\n\t\t\t\t\t\t<\/div>\n\t\t\t\t<\/div>\n\t\t\t\t\t\t<\/div>\n\t\t\t\t\t<\/div>\n\t\t<\/div>\n\t\t\t\t<div class=\"elementor-column elementor-col-50 elementor-inner-column elementor-element elementor-element-26a9a80\" data-id=\"26a9a80\" data-element_type=\"column\">\n\t\t\t<div class=\"elementor-column-wrap elementor-element-populated\">\n\t\t\t\t\t\t\t<div class=\"elementor-widget-wrap\">\n\t\t\t\t\t\t<div class=\"elementor-element elementor-element-02cd4a0 elementor-widget elementor-widget-image\" data-id=\"02cd4a0\" data-element_type=\"widget\" data-widget_type=\"image.default\">\n\t\t\t\t<div class=\"elementor-widget-container\">\n\t\t\t\t\t\t\t\t<div class=\"elementor-image\">\n\t\t\t\t\t\t\t\t\t\t\t\t\t<a href=\"https:\/\/www.facebook.com\/NKOnazywacze\/\">\n\t\t\t\t\t\t\t<img decoding=\"async\" width=\"608\" height=\"763\" src=\"http:\/\/leksykologia-logopedia.amu.edu.pl\/wp-content\/uploads\/2019\/12\/nazwya.png\" class=\"attachment-large size-large\" alt=\"\" loading=\"lazy\" srcset=\"http:\/\/leksykologia-logopedia.amu.edu.pl\/wp-content\/uploads\/2019\/12\/nazwya.png 608w, http:\/\/leksykologia-logopedia.amu.edu.pl\/wp-content\/uploads\/2019\/12\/nazwya-239x300.png 239w\" sizes=\"(max-width: 608px) 100vw, 608px\" \/>\t\t\t\t\t\t\t\t<\/a>\n\t\t\t\t\t\t\t\t\t\t\t\t\t\t<\/div>\n\t\t\t\t\t\t<\/div>\n\t\t\t\t<\/div>\n\t\t\t\t\t\t<\/div>\n\t\t\t\t\t<\/div>\n\t\t<\/div>\n\t\t\t\t\t\t\t\t<\/div>\n\t\t\t\t\t<\/div>\n\t\t<\/section>\n\t\t\t\t\t\t<\/div>\n\t\t\t\t\t<\/div>\n\t\t<\/div>\n\t\t\t\t\t\t\t\t<\/div>\n\t\t\t\t\t<\/div>\n\t\t<\/section>\n\t\t\t\t<section class=\"elementor-section elementor-top-section elementor-element elementor-element-e0675a7 elementor-section-boxed elementor-section-height-default elementor-section-height-default\" data-id=\"e0675a7\" data-element_type=\"section\">\n\t\t\t\t\t\t<div class=\"elementor-container elementor-column-gap-default\">\n\t\t\t\t\t\t\t<div class=\"elementor-row\">\n\t\t\t\t\t<div class=\"elementor-column elementor-col-100 elementor-top-column elementor-element elementor-element-4c97d6b\" data-id=\"4c97d6b\" data-element_type=\"column\">\n\t\t\t<div class=\"elementor-column-wrap elementor-element-populated\">\n\t\t\t\t\t\t\t<div class=\"elementor-widget-wrap\">\n\t\t\t\t\t\t<div class=\"elementor-element elementor-element-8b43244 elementor-widget elementor-widget-text-editor\" data-id=\"8b43244\" data-element_type=\"widget\" data-widget_type=\"text-editor.default\">\n\t\t\t\t<div class=\"elementor-widget-container\">\n\t\t\t\t\t\t\t\t<div class=\"elementor-text-editor elementor-clearfix\">\n\t\t\t\t<h3><strong>ZAPRASZAMY DO ODWIEDZENIA STRONY KO\u0141A ONOMAST\u00d3W NA FACEBOOKU!<\/strong><\/h3>\t\t\t\t\t<\/div>\n\t\t\t\t\t\t<\/div>\n\t\t\t\t<\/div>\n\t\t\t\t\t\t<\/div>\n\t\t\t\t\t<\/div>\n\t\t<\/div>\n\t\t\t\t\t\t\t\t<\/div>\n\t\t\t\t\t<\/div>\n\t\t<\/section>\n\t\t\t\t<section class=\"elementor-section elementor-top-section elementor-element elementor-element-d011d24 elementor-section-boxed elementor-section-height-default elementor-section-height-default\" data-id=\"d011d24\" data-element_type=\"section\">\n\t\t\t\t\t\t<div class=\"elementor-container elementor-column-gap-default\">\n\t\t\t\t\t\t\t<div class=\"elementor-row\">\n\t\t\t\t\t<div class=\"elementor-column elementor-col-100 elementor-top-column elementor-element elementor-element-2a0a210\" data-id=\"2a0a210\" data-element_type=\"column\">\n\t\t\t<div class=\"elementor-column-wrap elementor-element-populated\">\n\t\t\t\t\t\t\t<div class=\"elementor-widget-wrap\">\n\t\t\t\t\t\t<div class=\"elementor-element elementor-element-c59f367 elementor-widget elementor-widget-text-editor\" data-id=\"c59f367\" data-element_type=\"widget\" data-widget_type=\"text-editor.default\">\n\t\t\t\t<div class=\"elementor-widget-container\">\n\t\t\t\t\t\t\t\t<div class=\"elementor-text-editor elementor-clearfix\">\n\t\t\t\t<p><strong>W 2019 roku Naukowe Ko\u0142o Onomast\u00f3w Nazywacze zawiesi\u0142o dzia\u0142alno\u015b\u0107. Zapraszamy ch\u0119tnych do kontynuacji naszych bada\u0144.<\/strong><\/p>\t\t\t\t\t<\/div>\n\t\t\t\t\t\t<\/div>\n\t\t\t\t<\/div>\n\t\t\t\t\t\t<\/div>\n\t\t\t\t\t<\/div>\n\t\t<\/div>\n\t\t\t\t\t\t\t\t<\/div>\n\t\t\t\t\t<\/div>\n\t\t<\/section>\n\t\t\t\t<section class=\"elementor-section elementor-top-section elementor-element elementor-element-9aa551d elementor-section-boxed elementor-section-height-default elementor-section-height-default\" data-id=\"9aa551d\" data-element_type=\"section\">\n\t\t\t\t\t\t<div class=\"elementor-container elementor-column-gap-default\">\n\t\t\t\t\t\t\t<div class=\"elementor-row\">\n\t\t\t\t\t<div class=\"elementor-column elementor-col-100 elementor-top-column elementor-element elementor-element-167a4bc\" data-id=\"167a4bc\" data-element_type=\"column\">\n\t\t\t<div class=\"elementor-column-wrap elementor-element-populated\">\n\t\t\t\t\t\t\t<div class=\"elementor-widget-wrap\">\n\t\t\t\t\t\t<div class=\"elementor-element elementor-element-d6bd56b elementor-widget elementor-widget-image\" data-id=\"d6bd56b\" data-element_type=\"widget\" data-widget_type=\"image.default\">\n\t\t\t\t<div class=\"elementor-widget-container\">\n\t\t\t\t\t\t\t\t<div class=\"elementor-image\">\n\t\t\t\t\t\t\t\t\t\t\t\t\t<a href=\"http:\/\/ekaptur-leksykanowa.home.amu.edu.pl\/wp-content\/uploads\/2019\/12\/logo-Nazywacze.jpg\" data-elementor-open-lightbox=\"yes\" data-elementor-lightbox-title=\"logo Nazywacze\" e-action-hash=\"#elementor-action%3Aaction%3Dlightbox%26settings%3DeyJpZCI6NDE2LCJ1cmwiOiJodHRwOlwvXC9sZWtzeWtvbG9naWEtbG9nb3BlZGlhLmFtdS5lZHUucGxcL3dwLWNvbnRlbnRcL3VwbG9hZHNcLzIwMTlcLzEyXC9sb2dvLU5henl3YWN6ZS5qcGcifQ%3D%3D\">\n\t\t\t\t\t\t\t<img decoding=\"async\" width=\"261\" height=\"300\" src=\"http:\/\/leksykologia-logopedia.amu.edu.pl\/wp-content\/uploads\/2019\/12\/logo-Nazywacze-261x300.jpg\" class=\"attachment-medium size-medium\" alt=\"\" loading=\"lazy\" srcset=\"http:\/\/leksykologia-logopedia.amu.edu.pl\/wp-content\/uploads\/2019\/12\/logo-Nazywacze-261x300.jpg 261w, http:\/\/leksykologia-logopedia.amu.edu.pl\/wp-content\/uploads\/2019\/12\/logo-Nazywacze.jpg 749w\" sizes=\"(max-width: 261px) 100vw, 261px\" \/>\t\t\t\t\t\t\t\t<\/a>\n\t\t\t\t\t\t\t\t\t\t\t\t\t\t<\/div>\n\t\t\t\t\t\t<\/div>\n\t\t\t\t<\/div>\n\t\t\t\t\t\t<\/div>\n\t\t\t\t\t<\/div>\n\t\t<\/div>\n\t\t\t\t\t\t\t\t<\/div>\n\t\t\t\t\t<\/div>\n\t\t<\/section>\n\t\t\t\t\t\t\t\t\t<\/div>\n\t\t\t<\/div>\n\t\t\t\t\t<\/div>\n\t\t","protected":false},"excerpt":{"rendered":"<p>Naukowe Ko\u0142o Onomast\u00f3w Nazywacze wzi\u0119\u0142o udzia\u0142 w Bydgoskim Festiwalu Nauki. ZAPRASZAMY DO ODWIEDZENIA STRONY KO\u0141A ONOMAST\u00d3W NA FACEBOOKU! W 2019 roku Naukowe Ko\u0142o Onomast\u00f3w Nazywacze zawiesi\u0142o dzia\u0142alno\u015b\u0107. Zapraszamy ch\u0119tnych do kontynuacji naszych bada\u0144.<\/p>\n","protected":false},"author":2,"featured_media":0,"parent":0,"menu_order":0,"comment_status":"closed","ping_status":"closed","template":"","meta":[],"_links":{"self":[{"href":"http:\/\/leksykologia-logopedia.amu.edu.pl\/index.php?rest_route=\/wp\/v2\/pages\/389"}],"collection":[{"href":"http:\/\/leksykologia-logopedia.amu.edu.pl\/index.php?rest_route=\/wp\/v2\/pages"}],"about":[{"href":"http:\/\/leksykologia-logopedia.amu.edu.pl\/index.php?rest_route=\/wp\/v2\/types\/page"}],"author":[{"embeddable":true,"href":"http:\/\/leksykologia-logopedia.amu.edu.pl\/index.php?rest_route=\/wp\/v2\/users\/2"}],"replies":[{"embeddable":true,"href":"http:\/\/leksykologia-logopedia.amu.edu.pl\/index.php?rest_route=%2Fwp%2Fv2%2Fcomments&post=389"}],"version-history":[{"count":15,"href":"http:\/\/leksykologia-logopedia.amu.edu.pl\/index.php?rest_route=\/wp\/v2\/pages\/389\/revisions"}],"predecessor-version":[{"id":446,"href":"http:\/\/leksykologia-logopedia.amu.edu.pl\/index.php?rest_route=\/wp\/v2\/pages\/389\/revisions\/446"}],"wp:attachment":[{"href":"http:\/\/leksykologia-logopedia.amu.edu.pl\/index.php?rest_route=%2Fwp%2Fv2%2Fmedia&parent=389"}],"curies":[{"name":"wp","href":"https:\/\/api.w.org\/{rel}","templated":true}]}}